{"id":86,"date":"2019-02-14T11:41:47","date_gmt":"2019-02-14T11:41:47","guid":{"rendered":"http:\/\/opespolska.biz.pl\/?page_id=5"},"modified":"2020-09-29T14:51:14","modified_gmt":"2020-09-29T12:51:14","slug":"rodo","status":"publish","type":"page","link":"https:\/\/opes-holding.biz.pl\/?page_id=86","title":{"rendered":"Polityka prywatno\u015bci"},"content":{"rendered":"\n<p>Szanowni Pa\u0144stwo,<\/p>\n\n\n\n<p>od dnia 25 maja 2018 roku stosowane jest rozporz\u0105dzenie Parlamentu Europejskiego i Rady (UE) 2016\/679 z dnia 27 kwietnia 2016 r. w sprawie ochrony os\u00f3b fizycznych w zwi\u0105zku z&nbsp;przetwarzaniem danych osobowych i w sprawie swobodnego przep\u0142ywu takich danych oraz uchylenia dyrektywy 95\/46\/WE, zwane dalej \u201eRODO\u201d.<\/p>\n\n\n\n<p>Maj\u0105c na wzgl\u0119dzie potrzeb\u0119 jak najlepszej ochrony Pa\u0144stwa praw wynikaj\u0105cych<br>z nowych przepis\u00f3w informujemy, \u017ce:<\/p>\n\n\n\n<ol class=\"wp-block-list\"><li> Administratorem Pani\/Pana danych osobowych jest OPES HOLDING S. A. zwany dalej \u201eFirm\u0105\u201d. <\/li><li> Firma przetwarza nast\u0119puj\u0105ce kategorie Pani\/Pana danych osobowych: dane identyfikacyjne (imi\u0119, nazwisko, numer NIP, itp.), dane adresowe (adres zamieszkania, siedziby, itp.) oraz dane kontaktowe (nr telefonu, adres e-mail, itp.) i dane zwi\u0105zane z korzystaniem ze strony internetowej (dane zapisywane w plikach cookies, np. adres IP urz\u0105dzenia). <\/li><li> Pani\/Pana dane osobowe mog\u0105 by\u0107 przetwarzane przez Firm\u0119 w nast\u0119puj\u0105cych celach: <ul><li> przedstawienia ofert Firmy (na podstawie art. 6 ust. 1 lit. b lub lit. f RODO), <\/li><li> zawarcia i wykonania umowy \u0142\u0105cz\u0105cej Pani\/Pana z Firma (na podstawie art. 6 ust. 1 lit. b i lit. c RODO), <\/li><li> realizacji przez Firm\u0119 czynno\u015bci wynikaj\u0105cych z powszechnie obowi\u0105zuj\u0105cych przepis\u00f3w prawa, w tym: wystawiania, przechowania faktur oraz dokument\u00f3w ksi\u0119gowych, udzielania odpowiedzi na reklamacje w\u00a0terminie i formie przewidzianych przepisami (na podstawie art. 6 ust. 1 lit. c i lit. e RODO), <\/li><li> marketingu (na podstawie art. 6 ust. 1 lit. f RODO), <\/li><li> tworzenia zestawie\u0144, analiz, statystyk na potrzeby wewn\u0119trzne Firmy (na podstawie art. 6 ust. 1 lit. f RODO), <\/li><li> ustalenia i dochodzenia roszcze\u0144 przez Firm\u0119 w zwi\u0105zku z prowadzon\u0105 dzia\u0142alno\u015bci\u0105, w tym windykacji, egzekucji wierzytelno\u015bci lub obrony przed roszczeniami kierowanymi wobec Firmy, przed organami \u015bcigania, organami orzekaj\u0105cymi, w tym s\u0105dami powszechnymi, s\u0105dami administracyjnymi, S\u0105dem Najwy\u017cszym, w\u00a0post\u0119powaniach administracyjnych, w tym podatkowych (na podstawie art. 6 ust. 1 lit. f RODO).  <\/li><\/ul><\/li><li> Pani\/Pana dane mog\u0105 by\u0107 udost\u0119pniane przez Firm\u0119: <\/li><\/ol>\n\n\n\n<ul class=\"wp-block-list\"><li>\npodmiotom i organom, kt\u00f3rym Firma jest zobowi\u0105zana lub upowa\u017cniona udost\u0119pni\u0107 dane osobowe na podstawie powszechnie obowi\u0105zuj\u0105cych przepis\u00f3w prawa, w tym podmiotom oraz organom uprawnionym do otrzymania od Firmy danych osobowych lub uprawnionych do \u017c\u0105dania dost\u0119pu do danych osobowych na podstawie powszechnie obowi\u0105zuj\u0105cych przepis\u00f3w prawa,\n<\/li><li>\nagencjom reklamowym i innym podmiotom organizuj\u0105cym akcje marketingowe Firmy,\n<\/li><li>\npodmiotom obs\u0142uguj\u0105cym systemy informatyczne Firmy,\n<\/li><li>\npodwykonawcom inwestycji realizowanych przez Firm\u0119,\n<\/li><li>\npodmiotom \u015bwiadcz\u0105cym Firmie us\u0142ugi doradcze, konsultacyjne, audytowe, pomoc prawn\u0105, podatkow\u0105, rachunkow\u0105 dzia\u0142aj\u0105cym na zlecenie Firmy,\n<\/li><li>\npodmiotom prowadz\u0105cym dzia\u0142alno\u015b\u0107 pocztow\u0105 lub kuriersk\u0105.\n<\/li><\/ul>\n\n\n\n<ol class=\"wp-block-list\"><li>\nPani\/Pana dane osobowe obecnie nie s\u0105 przekazywane poza Europejski Obszar Gospodarczy (EOG). Mo\u017ce si\u0119 jednak okaza\u0107, \u017ce w czasie trwania umowy Firma zdecyduje si\u0119 na przekazanie danych poza EOG jednak wy\u0142\u0105cznie w zakresie, na jaki pozwala\u0107 b\u0119dzie prawo.\n<\/li><li>\nPani\/Pana dane osobowe b\u0119d\u0105 przechowywane przez okres:\n<ul><li>\nprzez czas wykonywania obowi\u0105zk\u00f3w, np. wystawienia faktury,\n<\/li><li>\nprzez czas obowi\u0105zywania umowy zawartej z Firm\u0105, a po jej zako\u0144czeniu, w&nbsp;zwi\u0105zku z obowi\u0105zkiem prawnym Firmy wynikaj\u0105cym z powszechnie obowi\u0105zuj\u0105cych przepis\u00f3w prawa,\n<\/li><li>\nprzez czas niezb\u0119dny do dochodzenia roszcze\u0144 przez Firm\u0119 w zwi\u0105zku<br>z prowadzon\u0105 dzia\u0142alno\u015bci\u0105 lub obrony przed roszczeniami kierowanymi wobec Firmy, na podstawie powszechnie obowi\u0105zuj\u0105cych przepis\u00f3w prawa,<br>z&nbsp;uwzgl\u0119dnieniem okres\u00f3w przedawnienia roszcze\u0144 okre\u015blonych<br>w powszechnie obowi\u0105zuj\u0105cych przepisach prawa.\n<\/li><\/ul>\n<\/li><\/ol>\n\n\n\n<p>W ka\u017cdym momencie przetwarzania danych osobowych Firma kieruje si\u0119 zasadami ograniczenia celu, minimalizacji danych i ograniczonych okres\u00f3w przetwarzania.<\/p>\n\n\n\n<ol class=\"wp-block-list\"><li>\nW zwi\u0105zku z przetwarzaniem przez Firm\u0119 Pani\/Pana danych osobowych, przys\u0142uguje Pani\/Panu:\n<ul><li>\nprawo dost\u0119pu do danych osobowych,\n<\/li><li>\nprawo do sprostowania danych osobowych,\n<\/li><li>\nprawo usuni\u0119cia danych osobowych (prawo do bycia zapomnianym),\n<\/li><li>\nprawo do ograniczenia przetwarzania danych osobowych,\n<\/li><li>\nprawo do przenoszenia danych do innego administratora,\n<\/li><li>\nprawo do wniesienia sprzeciwu wobec przetwarzania danych, w tym profilowania, oraz na potrzeby marketingu bezpo\u015bredniego,\n<\/li><li>\nprawo do cofni\u0119cia zgody w przypadku, gdy Firma b\u0119dzie przetwarza\u0142a Pani\/Pana dane osobowe w oparciu o zgod\u0119, w dowolnym momencie<br>i w dowolny spos\u00f3b, bez wp\u0142ywu na zgodno\u015b\u0107 z prawem przetwarzania, kt\u00f3rego dokonano na podstawie zgody przed jej wycofaniem,\n<\/li><li>\nprawo wniesienia skargi do Prezesa Urz\u0119du Ochrony Danych Osobowych, gdy uzna Pani\/Pan, \u017ce przetwarzanie danych osobowych narusza przepisy RODO.\n<\/li><\/ul>\n<\/li><li>\nPodanie Pani\/Pana danych osobowych jest konieczne w celach okre\u015blonych powy\u017cej, dla:\n<ul><li>\nzawarcia i wykonania umowy zawartej z Firm\u0105, a konsekwencj\u0105 niepodania Pani\/Pana danych osobowych b\u0119dzie brak mo\u017cliwo\u015bci zawarcia i wykonania umowy zawartej ze Firm\u0105,\n<\/li><li>\notrzymywania ofert lub marketingu produkt\u00f3w oferowanych przez Firm\u0119, a&nbsp;konsekwencj\u0105 niepodania Pani\/Pana danych osobowych jest brak mo\u017cliwo\u015bci otrzymywania tych ofert lub marketingu produkt\u00f3w lub us\u0142ug.\n<\/li><\/ul>\n<\/li><li>\nPani\/Pana dane osobowe nie b\u0119d\u0105 przetwarzane przez Firm\u0119 w spos\u00f3b zautomatyzowany, w&nbsp;tym nie b\u0119d\u0105 profilowane.\n<\/li><\/ol>\n","protected":false},"excerpt":{"rendered":"<p>Szanowni Pa\u0144stwo, od dnia 25 maja 2018 roku stosowane jest rozporz\u0105dzenie Parlamentu Europejskiego i Rady (UE) 2016\/679 z dnia 27 kwietnia 2016 r. w sprawie ochrony os\u00f3b fizycznych w zwi\u0105zku z&nbsp;przetwarzaniem danych osobowych i w sprawie swobodnego przep\u0142ywu takich danych oraz uchylenia dyrektywy 95\/46\/WE, zwane dalej \u201eRODO\u201d. Maj\u0105c na wzgl\u0119dzie potrzeb\u0119 jak najlepszej ochrony Pa\u0144stwa &hellip; <\/p>\n<p class=\"link-more\"><a href=\"https:\/\/opes-holding.biz.pl\/?page_id=86\" class=\"more-link\">Czytaj dalej<span class=\"screen-reader-text\"> \u201ePolityka prywatno\u015bci\u201d<\/span><\/a><\/p>\n","protected":false},"author":1,"featured_media":0,"parent":0,"menu_order":0,"comment_status":"closed","ping_status":"closed","template":"","meta":{"footnotes":""},"class_list":["post-86","page","type-page","status-publish","hentry"],"_links":{"self":[{"href":"https:\/\/opes-holding.biz.pl\/index.php?rest_route=\/wp\/v2\/pages\/86","targetHints":{"allow":["GET"]}}],"collection":[{"href":"https:\/\/opes-holding.biz.pl\/index.php?rest_route=\/wp\/v2\/pages"}],"about":[{"href":"https:\/\/opes-holding.biz.pl\/index.php?rest_route=\/wp\/v2\/types\/page"}],"author":[{"embeddable":true,"href":"https:\/\/opes-holding.biz.pl\/index.php?rest_route=\/wp\/v2\/users\/1"}],"replies":[{"embeddable":true,"href":"https:\/\/opes-holding.biz.pl\/index.php?rest_route=%2Fwp%2Fv2%2Fcomments&post=86"}],"version-history":[{"count":1,"href":"https:\/\/opes-holding.biz.pl\/index.php?rest_route=\/wp\/v2\/pages\/86\/revisions"}],"predecessor-version":[{"id":107,"href":"https:\/\/opes-holding.biz.pl\/index.php?rest_route=\/wp\/v2\/pages\/86\/revisions\/107"}],"wp:attachment":[{"href":"https:\/\/opes-holding.biz.pl\/index.php?rest_route=%2Fwp%2Fv2%2Fmedia&parent=86"}],"curies":[{"name":"wp","href":"https:\/\/api.w.org\/{rel}","templated":true}]}}