{"id":88,"date":"2019-02-14T12:04:24","date_gmt":"2019-02-14T12:04:24","guid":{"rendered":"http:\/\/opespolska.biz.pl\/?page_id=18"},"modified":"2021-10-01T08:04:31","modified_gmt":"2021-10-01T06:04:31","slug":"o-firmie","status":"publish","type":"page","link":"https:\/\/opes-holding.biz.pl\/","title":{"rendered":"O firmie"},"content":{"rendered":"\t\t<div data-elementor-type=\"wp-post\" data-elementor-id=\"88\" class=\"elementor elementor-88\">\n\t\t\t\t\t\t<section class=\"elementor-section elementor-top-section elementor-element elementor-element-273490b4 elementor-section-boxed elementor-section-height-default elementor-section-height-default\" data-id=\"273490b4\" data-element_type=\"section\">\n\t\t\t\t\t\t<div class=\"elementor-container elementor-column-gap-default\">\n\t\t\t\t\t<div class=\"elementor-column elementor-col-100 elementor-top-column elementor-element elementor-element-63f81d88\" data-id=\"63f81d88\" data-element_type=\"column\">\n\t\t\t<div class=\"elementor-widget-wrap elementor-element-populated\">\n\t\t\t\t\t\t<div class=\"elementor-element elementor-element-263b12b6 elementor-widget elementor-widget-text-editor\" data-id=\"263b12b6\" data-element_type=\"widget\" data-widget_type=\"text-editor.default\">\n\t\t\t\t<div class=\"elementor-widget-container\">\n\t\t\t\t\t\t\t\t\t<p><\/p>\n<p>OPES HOLDING S. A.\u00a0 istnieje na rynku od 2020 roku. Tworz\u0105c firm\u0119 mieli\u015bmy na uwadze g\u0142\u00f3wnie to, by podchodzi\u0107 do klienta kompleksowo.<\/p>\n<p><\/p>\n<p><\/p>\n<p>Zajmujemy si\u0119 wszystkim co potrzebne do profesjonalnego prowadzenia zak\u0142ad\u00f3w przetw\u00f3rstwa mi\u0119snego, w\u0142\u0105cznie z\u00a0utrzymywaniem ich czysto\u015bci.<\/p>\n<p><\/p>\n<p><\/p>\n<p>Posiadamy wysoko wykwalifikowan\u0105 kadr\u0119 pracownicz\u0105. Zapewniaj\u0105c dob\u00f3r odpowiednich i wyspecjalizowanych pracownik\u00f3w obs\u0142uguj\u0105cych procesy produkcji nasi klienci osi\u0105gaj\u0105 oczekiwane rezultaty w zakresie rozwoju swojego biznesu.<\/p>\n<p><\/p>\n<p><\/p>\n<p>\u015awiadczymy us\u0142ugi polegaj\u0105ce na realizowaniu prac dla danej firmy, kt\u00f3ra potrzebuje wykona\u0107 zadanie szybciej i dok\u0142adniej lecz nie rezygnuj\u0105c z najwy\u017cszych standard\u00f3w.<\/p>\n<p><\/p>\n<p><\/p>\n<p>Jeste\u015bmy gotowi \u015bwiadczy\u0107 nasze us\u0142ugi na ka\u017cdym etapie produkcji, wykonywa\u0107 powierzone nam zadania oraz czerpa\u0107 satysfakcj\u0119 ze wsp\u00f3\u0142pracy z Zak\u0142adami Produkcji w Polsce i za granic\u0105.<\/p>\n<p><\/p>\t\t\t\t\t\t\t\t<\/div>\n\t\t\t\t<\/div>\n\t\t\t\t\t<\/div>\n\t\t<\/div>\n\t\t\t\t\t<\/div>\n\t\t<\/section>\n\t\t\t\t<\/div>\n\t\t","protected":false},"excerpt":{"rendered":"<p>OPES HOLDING S. A.\u00a0 istnieje na rynku od 2020 roku. Tworz\u0105c firm\u0119 mieli\u015bmy na uwadze g\u0142\u00f3wnie to, by podchodzi\u0107 do klienta kompleksowo. Zajmujemy si\u0119 wszystkim co potrzebne do profesjonalnego prowadzenia zak\u0142ad\u00f3w przetw\u00f3rstwa mi\u0119snego, w\u0142\u0105cznie z\u00a0utrzymywaniem ich czysto\u015bci. Posiadamy wysoko wykwalifikowan\u0105 kadr\u0119 pracownicz\u0105. Zapewniaj\u0105c dob\u00f3r odpowiednich i wyspecjalizowanych pracownik\u00f3w obs\u0142uguj\u0105cych procesy produkcji nasi klienci osi\u0105gaj\u0105 oczekiwane &hellip; <\/p>\n<p class=\"link-more\"><a href=\"https:\/\/opes-holding.biz.pl\/\" class=\"more-link\">Czytaj dalej<span class=\"screen-reader-text\"> \u201eO firmie\u201d<\/span><\/a><\/p>\n","protected":false},"author":1,"featured_media":0,"parent":0,"menu_order":0,"comment_status":"closed","ping_status":"closed","template":"","meta":{"footnotes":""},"class_list":["post-88","page","type-page","status-publish","hentry"],"_links":{"self":[{"href":"https:\/\/opes-holding.biz.pl\/index.php?rest_route=\/wp\/v2\/pages\/88","targetHints":{"allow":["GET"]}}],"collection":[{"href":"https:\/\/opes-holding.biz.pl\/index.php?rest_route=\/wp\/v2\/pages"}],"about":[{"href":"https:\/\/opes-holding.biz.pl\/index.php?rest_route=\/wp\/v2\/types\/page"}],"author":[{"embeddable":true,"href":"https:\/\/opes-holding.biz.pl\/index.php?rest_route=\/wp\/v2\/users\/1"}],"replies":[{"embeddable":true,"href":"https:\/\/opes-holding.biz.pl\/index.php?rest_route=%2Fwp%2Fv2%2Fcomments&post=88"}],"version-history":[{"count":13,"href":"https:\/\/opes-holding.biz.pl\/index.php?rest_route=\/wp\/v2\/pages\/88\/revisions"}],"predecessor-version":[{"id":287,"href":"https:\/\/opes-holding.biz.pl\/index.php?rest_route=\/wp\/v2\/pages\/88\/revisions\/287"}],"wp:attachment":[{"href":"https:\/\/opes-holding.biz.pl\/index.php?rest_route=%2Fwp%2Fv2%2Fmedia&parent=88"}],"curies":[{"name":"wp","href":"https:\/\/api.w.org\/{rel}","templated":true}]}}